{"id":8,"date":"2021-05-11T17:13:38","date_gmt":"2021-05-11T15:13:38","guid":{"rendered":"https:\/\/demo.magenta16.at\/?page_id=8"},"modified":"2021-06-30T16:51:02","modified_gmt":"2021-06-30T14:51:02","slug":"gudrunwagner","status":"publish","type":"page","link":"https:\/\/demo.magenta16.at\/","title":{"rendered":"Gudrun Wagner"},"content":{"rendered":"<p>[et_pb_section fb_built=&#8220;1&#8243; admin_label=&#8220;Feature Section&#8220; _builder_version=&#8220;4.9.4&#8243; background_enable_color=&#8220;off&#8220; use_background_color_gradient=&#8220;on&#8220; background_color_gradient_start=&#8220;#e02b20&#8243; background_color_gradient_end=&#8220;#f2e30e&#8220; background_color_gradient_type=&#8220;radial&#8220; background_color_gradient_end_position=&#8220;74%&#8220; background_image=&#8220;https:\/\/demo.magenta16.at\/wp-content\/uploads\/2021\/05\/IMG_4147-scaled.jpg&#8220; background_blend=&#8220;difference&#8220; custom_padding=&#8220;90px||500px|&#8220; mix_blend_mode=&#8220;overlay&#8220; hover_enabled=&#8220;0&#8243; sticky_enabled=&#8220;0&#8243;][et_pb_row admin_label=&#8220;Feature 01&#8243; _builder_version=&#8220;3.25&#8243;][et_pb_column type=&#8220;4_4&#8243; _builder_version=&#8220;3.25&#8243; custom_padding=&#8220;|||&#8220; custom_padding__hover=&#8220;|||&#8220;][et_pb_text admin_label=&#8220;Title&#8220; _builder_version=&#8220;4.9.4&#8243; text_font=&#8220;||||||||&#8220; header_font=&#8220;Nunito Sans|600|||||||&#8220; header_font_size=&#8220;49px&#8220; header_2_font=&#8220;Nunito||||||||&#8220; header_2_font_size=&#8220;36px&#8220; header_2_line_height=&#8220;1.4em&#8220; background_layout=&#8220;dark&#8220; max_width=&#8220;300px&#8220; module_alignment=&#8220;right&#8220; custom_margin=&#8220;||5px|&#8220; custom_padding=&#8220;|||&#8220; animation_style=&#8220;fold&#8220; animation_direction=&#8220;bottom&#8220; animation_intensity_fold=&#8220;20%&#8220; animation_starting_opacity=&#8220;100%&#8220;]<\/p>\n<h1>Gudrun Wagners Living Colors<\/h1>\n<p>[\/et_pb_text][et_pb_text _builder_version=&#8220;4.9.4&#8243; text_font=&#8220;||||||||&#8220; text_font_size=&#8220;17px&#8220; text_line_height=&#8220;1.8em&#8220; header_font=&#8220;||||||||&#8220; background_layout=&#8220;dark&#8220; max_width=&#8220;300px&#8220; module_alignment=&#8220;right&#8220; animation_style=&#8220;fold&#8220; animation_direction=&#8220;bottom&#8220; animation_intensity_fold=&#8220;20%&#8220; animation_starting_opacity=&#8220;100%&#8220;]<\/p>\n<p>GESCHICHTEN | FARBEN | BILDER<\/p>\n<p>Warme T\u00f6ne und satte Ger\u00fcche. Freudvolles Strahlen. Stilles Eintauchen. Freuen und Probieren.<\/p>\n<p>[\/et_pb_text][\/et_pb_column][\/et_pb_row][\/et_pb_section][et_pb_section fb_built=&#8220;1&#8243; admin_label=&#8220;Feature Section&#8220; _builder_version=&#8220;4.9.4&#8243; custom_padding=&#8220;0px||0px|&#8220;][et_pb_row column_structure=&#8220;1_4,1_2,1_4&#8243; use_custom_gutter=&#8220;on&#8220; gutter_width=&#8220;1&#8243; make_equal=&#8220;on&#8220; admin_label=&#8220;Feature 02 &#038; Feature 03&#8243; module_class=&#8220; et_pb_row_fullwidth&#8220; _builder_version=&#8220;4.9.4&#8243; background_color=&#8220;#E09900&#8243; width=&#8220;100%&#8220; width_tablet=&#8220;100%&#8220; width_phone=&#8220;&#8220; width_last_edited=&#8220;on|desktop&#8220; max_width=&#8220;100%&#8220; max_width_tablet=&#8220;100%&#8220; max_width_phone=&#8220;&#8220; max_width_last_edited=&#8220;on|desktop&#8220; min_height=&#8220;804px&#8220; custom_padding=&#8220;0px||52px|||&#8220; make_fullwidth=&#8220;on&#8220;][et_pb_column type=&#8220;1_4&#8243; _builder_version=&#8220;4.9.4&#8243; _dynamic_attributes=&#8220;link_option_url&#8220; background_color=&#8220;#E02B20&#8243; use_background_color_gradient=&#8220;on&#8220; background_color_gradient_start=&#8220;#e02b20&#8243; background_color_gradient_end=&#8220;#e2b500&#8243; background_color_gradient_end_position=&#8220;99%&#8220; background_color_gradient_overlays_image=&#8220;on&#8220; background_image=&#8220;https:\/\/demo.magenta16.at\/wp-content\/uploads\/2021\/05\/IMG_2695D-scaled.jpeg&#8220; background_blend=&#8220;color&#8220; custom_padding=&#8220;500px||110px|5%&#8220; animation_style=&#8220;fade&#8220; animation_duration=&#8220;1200ms&#8220; animation_delay=&#8220;350ms&#8220; hover_transition_duration=&#8220;850ms&#8220; hover_transition_speed_curve=&#8220;ease-in-out&#8220; link_option_url=&#8220;@ET-DC@eyJkeW5hbWljIjp0cnVlLCJjb250ZW50IjoicG9zdF9saW5rX3VybF9wYWdlIiwic2V0dGluZ3MiOnsicG9zdF9pZCI6IjgifX0=@&#8220; scroll_fade_enable=&#8220;on&#8220; custom_padding__hover=&#8220;|||&#8220;][et_pb_text admin_label=&#8220;Title&#8220; _builder_version=&#8220;4.9.4&#8243; text_font=&#8220;||||||||&#8220; header_font=&#8220;||||||||&#8220; header_2_font=&#8220;Nunito||||||||&#8220; header_2_font_size=&#8220;41px&#8220; header_2_line_height=&#8220;1.4em&#8220; background_layout=&#8220;dark&#8220; max_width=&#8220;300px&#8220; custom_margin=&#8220;||5px|&#8220; custom_padding=&#8220;|||&#8220; animation_style=&#8220;fold&#8220; animation_direction=&#8220;bottom&#8220; animation_intensity_fold=&#8220;20%&#8220; animation_starting_opacity=&#8220;100%&#8220; locked=&#8220;off&#8220;]<\/p>\n<h2>Foto<\/h2>\n<p>[\/et_pb_text][et_pb_text _builder_version=&#8220;4.9.4&#8243; text_font=&#8220;||||||||&#8220; text_font_size=&#8220;18px&#8220; text_line_height=&#8220;1.8em&#8220; header_font=&#8220;||||||||&#8220; background_layout=&#8220;dark&#8220; max_width=&#8220;300px&#8220; module_alignment=&#8220;left&#8220; animation_style=&#8220;fold&#8220; animation_direction=&#8220;bottom&#8220; animation_intensity_fold=&#8220;20%&#8220; animation_starting_opacity=&#8220;100%&#8220;]<\/p>\n<p>EINSICHTEN. AUSSICHTEN. KLICK.<\/p>\n<p>[\/et_pb_text][\/et_pb_column][et_pb_column type=&#8220;1_2&#8243; _builder_version=&#8220;4.9.4&#8243; _dynamic_attributes=&#8220;link_option_url&#8220; background_color=&#8220;#d6bd00&#8243; background_image=&#8220;https:\/\/demo.magenta16.at\/wp-content\/uploads\/2021\/05\/IMG_4097-scaled.jpg&#8220; background_position=&#8220;bottom_center&#8220; custom_padding=&#8220;110px||500px|5%&#8220; animation_style=&#8220;fade&#8220; animation_duration=&#8220;1450ms&#8220; animation_delay=&#8220;600ms&#8220; link_option_url=&#8220;@ET-DC@eyJkeW5hbWljIjp0cnVlLCJjb250ZW50IjoicG9zdF9saW5rX3VybF9wYWdlIiwic2V0dGluZ3MiOnsicG9zdF9pZCI6IjgifX0=@&#8220; custom_padding__hover=&#8220;|||&#8220;][et_pb_text admin_label=&#8220;Title&#8220; _builder_version=&#8220;4.9.4&#8243; text_font=&#8220;||||||||&#8220; header_font=&#8220;||||||||&#8220; header_2_font=&#8220;Nunito||||||||&#8220; header_2_font_size=&#8220;41px&#8220; header_2_line_height=&#8220;1.4em&#8220; background_layout=&#8220;dark&#8220; max_width=&#8220;300px&#8220; custom_margin=&#8220;||5px|&#8220; custom_padding=&#8220;|||&#8220; animation_style=&#8220;fold&#8220; animation_direction=&#8220;bottom&#8220; animation_intensity_fold=&#8220;20%&#8220; animation_starting_opacity=&#8220;100%&#8220; locked=&#8220;off&#8220;]<\/p>\n<h2>Kunst<\/h2>\n<p>[\/et_pb_text][et_pb_text _builder_version=&#8220;4.9.4&#8243; text_font=&#8220;||||||||&#8220; text_font_size=&#8220;18px&#8220; text_line_height=&#8220;1.8em&#8220; header_font=&#8220;||||||||&#8220; background_layout=&#8220;dark&#8220; max_width=&#8220;300px&#8220; module_alignment=&#8220;left&#8220; custom_margin=&#8220;|444px||||&#8220; animation_style=&#8220;fold&#8220; animation_direction=&#8220;bottom&#8220; animation_intensity_fold=&#8220;20%&#8220; animation_starting_opacity=&#8220;100%&#8220; locked=&#8220;off&#8220;]<\/p>\n<p>Kunst ist alles. Alles ist Kunst. Hier bei mir zu finden. BILDER | KINDERB\u00dcCHER | SKULPTUREN | UND&#8230;<\/p>\n<p>[\/et_pb_text][\/et_pb_column][et_pb_column type=&#8220;1_4&#8243; _builder_version=&#8220;4.9.4&#8243; _dynamic_attributes=&#8220;link_option_url&#8220; background_color=&#8220;#0C71C3&#8243; background_image=&#8220;https:\/\/demo.magenta16.at\/wp-content\/uploads\/2021\/05\/IMG_4322-scaled.jpg&#8220; transform_origin=&#8220;86%|100%&#8220; custom_padding=&#8220;110px||500px|5%&#8220; animation_style=&#8220;fade&#8220; animation_duration=&#8220;1200ms&#8220; animation_delay=&#8220;250ms&#8220; animation_starting_opacity=&#8220;8%&#8220; link_option_url=&#8220;@ET-DC@eyJkeW5hbWljIjp0cnVlLCJjb250ZW50IjoicG9zdF9saW5rX3VybF9wYWdlIiwic2V0dGluZ3MiOnsicG9zdF9pZCI6IjgifX0=@&#8220; custom_padding__hover=&#8220;|||&#8220;][et_pb_text admin_label=&#8220;Title&#8220; _builder_version=&#8220;4.9.4&#8243; text_font=&#8220;||||||||&#8220; header_font=&#8220;||||||||&#8220; header_2_font=&#8220;Nunito||||||||&#8220; header_2_font_size=&#8220;41px&#8220; header_2_line_height=&#8220;1.4em&#8220; background_layout=&#8220;dark&#8220; max_width=&#8220;300px&#8220; custom_margin=&#8220;||5px|&#8220; custom_padding=&#8220;|||&#8220; animation_style=&#8220;fold&#8220; animation_direction=&#8220;bottom&#8220; animation_intensity_fold=&#8220;20%&#8220; animation_starting_opacity=&#8220;100%&#8220; locked=&#8220;off&#8220;]<\/p>\n<h2>Osteopathie<\/h2>\n<p>[\/et_pb_text][et_pb_text _builder_version=&#8220;4.9.4&#8243; text_font=&#8220;||||||||&#8220; text_font_size=&#8220;17px&#8220; text_line_height=&#8220;1.8em&#8220; header_font=&#8220;||||||||&#8220; background_layout=&#8220;dark&#8220; max_width=&#8220;300px&#8220; module_alignment=&#8220;left&#8220; animation_style=&#8220;fold&#8220; animation_direction=&#8220;bottom&#8220; animation_intensity_fold=&#8220;20%&#8220; animation_starting_opacity=&#8220;100%&#8220;]<\/p>\n<p>SP\u00dcREN UND SP\u00dcRSINN.<\/p>\n<p>[\/et_pb_text][\/et_pb_column][\/et_pb_row][\/et_pb_section][et_pb_section fb_built=&#8220;1&#8243; admin_label=&#8220;Category Search Section&#8220; _builder_version=&#8220;4.9.4&#8243; background_enable_image=&#8220;off&#8220; custom_padding=&#8220;110px||110px|&#8220;][et_pb_row admin_label=&#8220;Category Search Title Area&#8220; _builder_version=&#8220;4.9.4&#8243; locked=&#8220;off&#8220;][et_pb_column type=&#8220;4_4&#8243; _builder_version=&#8220;3.25&#8243; custom_padding=&#8220;|||&#8220; custom_padding__hover=&#8220;|||&#8220;][et_pb_text admin_label=&#8220;Title&#8220; _builder_version=&#8220;4.9.4&#8243; text_font=&#8220;||||||||&#8220; header_font=&#8220;||||||||&#8220; header_2_font=&#8220;Nunito||||||||&#8220; header_2_text_align=&#8220;center&#8220; header_2_text_color=&#8220;#263954&#8243; header_2_font_size=&#8220;36px&#8220; header_2_line_height=&#8220;1.4em&#8220; custom_margin=&#8220;||5px|&#8220; animation_style=&#8220;fold&#8220; animation_direction=&#8220;bottom&#8220; animation_intensity_fold=&#8220;20%&#8220; animation_starting_opacity=&#8220;100%&#8220;]<\/p>\n<h2>Gudrun Wagner<\/h2>\n<p>[\/et_pb_text][et_pb_image src=&#8220;https:\/\/demo.magenta16.at\/wp-content\/uploads\/2021\/05\/csm_GudrunWagner_0c9bae2f86.jpg&#8220; title_text=&#8220;Gudrun Wagner&#8220; align=&#8220;center&#8220; _builder_version=&#8220;4.9.4&#8243; _module_preset=&#8220;default&#8220;][\/et_pb_image][et_pb_divider color=&#8220;#0099e5&#8243; divider_position=&#8220;center&#8220; divider_weight=&#8220;2px&#8220; _builder_version=&#8220;3.2&#8243; max_width=&#8220;50px&#8220; module_alignment=&#8220;center&#8220;][\/et_pb_divider][\/et_pb_column][\/et_pb_row][et_pb_row column_structure=&#8220;1_3,1_3,1_3&#8243; use_custom_gutter=&#8220;on&#8220; make_equal=&#8220;on&#8220; admin_label=&#8220;Categories&#8220; _builder_version=&#8220;4.9.4&#8243; use_background_color_gradient=&#8220;on&#8220; width=&#8220;100%&#8220; max_width=&#8220;1440px&#8220; custom_padding=&#8220;50px|50px||50px|false|false&#8220; use_custom_width=&#8220;on&#8220; custom_width_px=&#8220;1440px&#8220;][et_pb_column type=&#8220;1_3&#8243; _builder_version=&#8220;4.9.4&#8243; custom_padding=&#8220;||||false|false&#8220; custom_padding__hover=&#8220;|||&#8220;][et_pb_blurb title=&#8220;K\u00fcnstlerin&#8220; _builder_version=&#8220;4.9.4&#8243; header_level=&#8220;h3&#8243; header_font=&#8220;Nunito||||||||&#8220; header_text_color=&#8220;#263954&#8243; header_font_size=&#8220;24px&#8220; header_line_height=&#8220;1.3em&#8220; body_font=&#8220;||||||||&#8220; body_text_color=&#8220;#FFFFFF&#8220; body_font_size=&#8220;20px&#8220; body_line_height=&#8220;1.8em&#8220; background_color=&#8220;#f2b900&#8243; custom_padding=&#8220;10px|20px|20px|20px|false|false&#8220; animation_style=&#8220;fade&#8220; animation_duration=&#8220;1350ms&#8220; animation=&#8220;off&#8220;]<\/p>\n<p>Das Leben passiert mir, wie so vielen und oft kommt mir das Leben im Leben dazwischen \u2013 turbulent, umher wirbelnd, berauschend, begl\u00fcckend, taumelig, nebelig, traurig, gewaltig, unvorhergesehen, herin prasselnd, umst\u00fcrzend, einbrechend, wiegend, sorgsam, liebevoll, kraftvoll &#8211; und ab und an einige ruhige Momente.<\/p>\n<p>[\/et_pb_blurb][\/et_pb_column][et_pb_column type=&#8220;1_3&#8243; _builder_version=&#8220;4.9.4&#8243; custom_padding=&#8220;|||&#8220; custom_padding__hover=&#8220;|||&#8220;][et_pb_blurb title=&#8220;\u00c4rztin&#8220; _builder_version=&#8220;4.9.4&#8243; header_level=&#8220;h3&#8243; header_font=&#8220;Nunito||||||||&#8220; header_text_color=&#8220;#FFFFFF&#8220; header_font_size=&#8220;28px&#8220; header_line_height=&#8220;1.3em&#8220; body_font=&#8220;||||||||&#8220; body_font_size=&#8220;20px&#8220; body_line_height=&#8220;1.8em&#8220; background_color=&#8220;#0C71C3&#8243; background_layout=&#8220;dark&#8220; custom_padding=&#8220;10px|20px|10px|20px|false|false&#8220; animation_style=&#8220;fade&#8220; animation_duration=&#8220;1250ms&#8220; animation=&#8220;off&#8220;]<\/p>\n<p>Studium der Humanmedizin, nachfolgend \u00c4rztin f\u00fcr Allgemeinmedizin<\/p>\n<p>[\/et_pb_blurb][\/et_pb_column][et_pb_column type=&#8220;1_3&#8243; _builder_version=&#8220;4.9.4&#8243; background_color=&#8220;rgba(12,113,195,0.76)&#8220; custom_padding=&#8220;10px|20px|10px|20px|false|false&#8220; custom_padding__hover=&#8220;|||&#8220;][et_pb_blurb title=&#8220;Osteopathin&#8220; _builder_version=&#8220;4.9.4&#8243; header_level=&#8220;h3&#8243; header_font=&#8220;Nunito||||||||&#8220; header_text_color=&#8220;#FFFFFF&#8220; header_font_size=&#8220;25px&#8220; header_line_height=&#8220;1.3em&#8220; body_font=&#8220;||||||||&#8220; body_font_size=&#8220;20px&#8220; body_line_height=&#8220;1.8em&#8220; background_layout=&#8220;dark&#8220; animation_style=&#8220;fade&#8220; animation_duration=&#8220;1250ms&#8220; animation=&#8220;off&#8220;]<\/p>\n<p>Zeitgleich Ausbildung zur Osteopathin an der WSO, nachafolgende Masterabschluss und Ausbildung zur p\u00e4driatischen Osteopathin in Wien und London.<\/p>\n<p>[\/et_pb_blurb][\/et_pb_column][\/et_pb_row][\/et_pb_section][et_pb_section fb_built=&#8220;1&#8243; _builder_version=&#8220;4.9.4&#8243; _module_preset=&#8220;default&#8220;][et_pb_row _builder_version=&#8220;4.9.4&#8243; _module_preset=&#8220;default&#8220;][et_pb_column type=&#8220;4_4&#8243; _builder_version=&#8220;4.9.4&#8243; _module_preset=&#8220;default&#8220;][et_pb_filterable_portfolio fullwidth=&#8220;off&#8220; posts_number=&#8220;20&#8243; _builder_version=&#8220;4.9.4&#8243; _module_preset=&#8220;default&#8220;][\/et_pb_filterable_portfolio][\/et_pb_column][\/et_pb_row][\/et_pb_section]<\/p>\n","protected":false},"excerpt":{"rendered":"<p>Gudrun Wagners Living ColorsGESCHICHTEN | FARBEN | BILDER Warme T\u00f6ne und satte Ger\u00fcche. Freudvolles Strahlen. Stilles Eintauchen. Freuen und Probieren.FotoEINSICHTEN. AUSSICHTEN. KLICK.KunstKunst ist alles. Alles ist Kunst. Hier bei mir zu finden. BILDER | KINDERB\u00dcCHER | SKULPTUREN | UND&#8230;OsteopathieSP\u00dcREN UND SP\u00dcRSINN.Gudrun WagnerDas Leben passiert mir, wie so vielen und oft kommt mir das Leben im [&hellip;]<\/p>\n","protected":false},"author":2,"featured_media":0,"parent":0,"menu_order":0,"comment_status":"closed","ping_status":"closed","template":"","meta":{"_et_pb_use_builder":"on","_et_pb_old_content":"","_et_gb_content_width":"","footnotes":""},"class_list":["post-8","page","type-page","status-publish","hentry"],"_links":{"self":[{"href":"https:\/\/demo.magenta16.at\/index.php?rest_route=\/wp\/v2\/pages\/8","targetHints":{"allow":["GET"]}}],"collection":[{"href":"https:\/\/demo.magenta16.at\/index.php?rest_route=\/wp\/v2\/pages"}],"about":[{"href":"https:\/\/demo.magenta16.at\/index.php?rest_route=\/wp\/v2\/types\/page"}],"author":[{"embeddable":true,"href":"https:\/\/demo.magenta16.at\/index.php?rest_route=\/wp\/v2\/users\/2"}],"replies":[{"embeddable":true,"href":"https:\/\/demo.magenta16.at\/index.php?rest_route=%2Fwp%2Fv2%2Fcomments&post=8"}],"version-history":[{"count":31,"href":"https:\/\/demo.magenta16.at\/index.php?rest_route=\/wp\/v2\/pages\/8\/revisions"}],"predecessor-version":[{"id":207,"href":"https:\/\/demo.magenta16.at\/index.php?rest_route=\/wp\/v2\/pages\/8\/revisions\/207"}],"wp:attachment":[{"href":"https:\/\/demo.magenta16.at\/index.php?rest_route=%2Fwp%2Fv2%2Fmedia&parent=8"}],"curies":[{"name":"wp","href":"https:\/\/api.w.org\/{rel}","templated":true}]}}